{"id":23679,"date":"2022-02-14T20:10:01","date_gmt":"2022-02-14T20:10:01","guid":{"rendered":"https:\/\/adeoliva.com\/productos\/huile-d-olive-primeur-arbequina-2l-la-muralla\/"},"modified":"2024-10-27T14:06:23","modified_gmt":"2024-10-27T14:06:23","slug":"huile-d-olive-primeur-arbequina-2l-la-muralla","status":"publish","type":"product","link":"https:\/\/adeoliva.com\/fr\/huile-d-olive-primeur-arbequina-2l-la-muralla\/","title":{"rendered":"Huile d&#8217;Olive Extra Vierge La Muralla Primeur Carafe 2L ARBEQUINA"},"content":{"rendered":"<p><img decoding=\"async\" class=\"emoji\" role=\"img\" src=\"https:\/\/s.w.org\/images\/core\/emoji\/13.0.0\/svg\/1fad2.svg\" alt=\"\ud83e\uded2\" title=\"\"> D\u00e9gustation<\/p>\n<p>Obtenue \u00e0 partir d&#8217;olives de la vari\u00e9t\u00e9 arbequina. Huile d&#8217;olive de <strong>primeur<\/strong> (octobre et d\u00e9but novembre). L&#8217;<strong>huile d&#8217;olive de la vari\u00e9t\u00e9 Arbequina<\/strong> se caract\u00e9rise par un jus d&#8217;olive 100 % naturel, tr\u00e8s fruit\u00e9 et aromatique. Il s&#8217;agit d&#8217;une huile <strong>non filtr\u00e9e<\/strong>, dont la d\u00e9cantation naturelle permet d&#8217;\u00e9liminer les lies. Ar\u00f4me fruit\u00e9 d&#8217;olives vertes avec une pr\u00e9sence intense de tomate, d&#8217;avocat et de banane. En bouche, c&#8217;est une huile fluide et l\u00e9g\u00e8re, avec une entr\u00e9e douce, un final amand\u00e9 et un l\u00e9ger piquant continu.   <\/p>\n<p><img decoding=\"async\" class=\"emoji\" role=\"img\" src=\"https:\/\/s.w.org\/images\/core\/emoji\/13.0.0\/svg\/1fad2.svg\" alt=\"\ud83e\uded2\" title=\"\"> Pairing<\/p>\n<p>En raison de son caract\u00e8re doux et sucr\u00e9, elle est plus largement utilis\u00e9e en cuisine que d&#8217;autres huiles d&#8217;olive plus rondes. Id\u00e9al pour l&#8217;\u00e9laboration de sauces et en confiserie, gr\u00e2ce \u00e0 sa saveur douce et d\u00e9licate.<\/p>\n<p>Elle s&#8217;adapte parfaitement \u00e0 toutes les applications crues : dans les toasts, les marinades, les salades ou en combinaison avec les poissons et les fruits de mer. C&#8217;est un EVOO id\u00e9al pour initier les enfants \u00e0 la consommation d&#8217;huile d&#8217;olive ainsi que pour les personnes qui n&#8217;ont pas l&#8217;habitude de consommer de l&#8217;huile d&#8217;olive. <\/p>\n<p><img fetchpriority=\"high\" decoding=\"async\" class=\"wp-image-7504 aligncenter\" src=\"https:\/\/adeoliva.com\/wp-content\/uploads\/2020\/04\/Aceite-para-ensaladas.jpg\" alt=\"\" width=\"335\" height=\"224\" title=\"\"><\/p>\n<p style=\"text-align: center;\">Salade de l\u00e9gumes, avocat et \u0153uf dur.<\/p>\n","protected":false},"excerpt":{"rendered":"<ul style=\"border: 0px; margin: 0px 0px 1.5em 3em; padding: 0px; color: #0a0a0a; font-family: Roboto, sans-serif; font-size: 19px;\">\n<li>Huile d&#8217;olive vierge extra Primeur<\/li>\n<li>R\u00e9colte 23\/24<\/li>\n<li>Vari\u00e9t\u00e9 : ARBEQUINA<\/li>\n<li>Zone : Rute (Cordoba) ESPAGNE<\/li>\n<li>Exp\u00e9dition 3\/5 jours.<\/li>\n<li><strong>Carafe individuelle ou bo\u00eetes de 8un<\/strong><\/li>\n<\/ul>\n","protected":false},"featured_media":18308,"template":"","meta":{"rank_math_lock_modified_date":false,"pack_references":"","_joinchat":[]},"product_brand":[],"product_cat":[1352],"product_tag":[],"class_list":{"0":"post-23679","1":"product","2":"type-product","3":"status-publish","4":"has-post-thumbnail","6":"product_cat-primeur","7":"sales-flash-overlay","8":"woocommerce-text-align-center","9":"woocommerce-image-align-center","10":"do-quantity-buttons","12":"first","13":"instock","14":"taxable","15":"shipping-taxable","16":"purchasable","17":"product-type-simple"},"tiered_pricing_type":"fixed","tiered_pricing_fixed_rules":{"3":"26.95"},"tiered_pricing_product_settings":{"layout":"default","base_unit_name":{"singular":null,"plural":null},"default_variation":null},"tiered_pricing_minimum_quantity":null,"tiered_pricing_roles_data":[],"tiered_pricing_percentage_rules":[],"tiered_pricing_maximum_quantity":null,"tiered_pricing_quantity_step":null,"_links":{"self":[{"href":"https:\/\/adeoliva.com\/fr\/wp-json\/wp\/v2\/product\/23679","targetHints":{"allow":["GET"]}}],"collection":[{"href":"https:\/\/adeoliva.com\/fr\/wp-json\/wp\/v2\/product"}],"about":[{"href":"https:\/\/adeoliva.com\/fr\/wp-json\/wp\/v2\/types\/product"}],"version-history":[{"count":0,"href":"https:\/\/adeoliva.com\/fr\/wp-json\/wp\/v2\/product\/23679\/revisions"}],"wp:featuredmedia":[{"embeddable":true,"href":"https:\/\/adeoliva.com\/fr\/wp-json\/wp\/v2\/media\/18308"}],"wp:attachment":[{"href":"https:\/\/adeoliva.com\/fr\/wp-json\/wp\/v2\/media?parent=23679"}],"wp:term":[{"taxonomy":"product_brand","embeddable":true,"href":"https:\/\/adeoliva.com\/fr\/wp-json\/wp\/v2\/product_brand?post=23679"},{"taxonomy":"product_cat","embeddable":true,"href":"https:\/\/adeoliva.com\/fr\/wp-json\/wp\/v2\/product_cat?post=23679"},{"taxonomy":"product_tag","embeddable":true,"href":"https:\/\/adeoliva.com\/fr\/wp-json\/wp\/v2\/product_tag?post=23679"}],"curies":[{"name":"wp","href":"https:\/\/api.w.org\/{rel}","templated":true}]}}

<p><img decoding="async" class="emoji" role="img" src="https://s.w.org/images/core/emoji/13.0.0/svg/1fad2.svg" alt="🫒" title=""> Dégustation</p>
<p>Obtenue à partir d&#8217;olives de la variété arbequina. Huile d&#8217;olive de <strong>primeur</strong> (octobre et début novembre). L&#8217;<strong>huile d&#8217;olive de la variété Arbequina</strong> se caractérise par un jus d&#8217;olive 100 % naturel, très fruité et aromatique. Il s&#8217;agit d&#8217;une huile <strong>non filtrée</strong>, dont la décantation naturelle permet d&#8217;éliminer les lies. Arôme fruité d&#8217;olives vertes avec une présence intense de tomate, d&#8217;avocat et de banane. En bouche, c&#8217;est une huile fluide et légère, avec une entrée douce, un final amandé et un léger piquant continu.   </p>
<p><img decoding="async" class="emoji" role="img" src="https://s.w.org/images/core/emoji/13.0.0/svg/1fad2.svg" alt="🫒" title=""> Pairing</p>
<p>En raison de son caractère doux et sucré, elle est plus largement utilisée en cuisine que d&#8217;autres huiles d&#8217;olive plus rondes. Idéal pour l&#8217;élaboration de sauces et en confiserie, grâce à sa saveur douce et délicate.</p>
<p>Elle s&#8217;adapte parfaitement à toutes les applications crues : dans les toasts, les marinades, les salades ou en combinaison avec les poissons et les fruits de mer. C&#8217;est un EVOO idéal pour initier les enfants à la consommation d&#8217;huile d&#8217;olive ainsi que pour les personnes qui n&#8217;ont pas l&#8217;habitude de consommer de l&#8217;huile d&#8217;olive. </p>
<p><img fetchpriority="high" decoding="async" class="wp-image-7504 aligncenter" src="https://adeoliva.com/wp-content/uploads/2020/04/Aceite-para-ensaladas.jpg" alt="" width="335" height="224" title=""></p>
<p style="text-align: center;">Salade de légumes, avocat et œuf dur.</p>

<ul style="border: 0px; margin: 0px 0px 1.5em 3em; padding: 0px; color: #0a0a0a; font-family: Roboto, sans-serif; font-size: 19px;">
<li>Huile d&#8217;olive vierge extra Primeur</li>
<li>Récolte 23/24</li>
<li>Variété : ARBEQUINA</li>
<li>Zone : Rute (Cordoba) ESPAGNE</li>
<li>Expédition 3/5 jours.</li>
<li><strong>Carafe individuelle ou boîtes de 8un</strong></li>
</ul>
