{"id":25919,"date":"2025-06-09T19:32:00","date_gmt":"2025-06-09T19:32:00","guid":{"rendered":"https:\/\/adeoliva.com\/?post_type=product&#038;p=25919"},"modified":"2025-09-23T20:20:15","modified_gmt":"2025-09-23T20:20:15","slug":"coffret-d-huile-d-olive-pour-enterprises-1l-750ml-personnalisation","status":"publish","type":"product","link":"https:\/\/adeoliva.com\/fr\/coffret-d-huile-d-olive-pour-enterprises-1l-750ml-personnalisation\/","title":{"rendered":"Coffret d&#8217;huile d&#8217;olive pour entreprises 2x500ml ou 500ml+250ml"},"content":{"rendered":"<p style=\"text-align: center;\"><em>Offrez le Saveur, une aventure pour les sens. <\/em><\/p>\n<p>Sans aucun doute, un choix judicieux pour captiver le palais avec cette magnifique  <strong>Bo\u00eete cadeau originale, avec la plus polyvalente des huiles d&#8217;olive vierges extra, l&#8217;Arbequina.<\/strong>.<\/p>\n<p>Choisissez l&#8217;une des options suivantes :<\/p>\n<ul>\n<li><strong>2 bouteilles de 500ml d&#8217;huile d&#8217;oliva primeur Arbequina. (Personnalisable)<\/strong><\/li>\n<li><strong>1 bouteille de 500ml et 1 bouteille de 250ml de AOVE Primeur Arbequina<span style=\"color: #ff0000;\">(AUCUNE personnalisation n&#8217;est autoris\u00e9e<\/span>).<\/strong><\/li>\n<\/ul>\n<p>\ud83e\uded2 D\u00e9gustation<\/p>\n<p><strong>AOVE Temprano Vari\u00e9t\u00e9 Arbequina<\/strong>: Vari\u00e9t\u00e9 filtr\u00e9e par d\u00e9cantation naturelle r\u00e9colt\u00e9e dans les champs de Cordoue. Huile d&#8217;olive d&#8217;intensit\u00e9 moyenne \u00e0 faible, avec un piquant de gorge moyen \u00e0 faible et une faible amertume. Une huile douce et attrayante pour les palais les plus d\u00e9licats.  <\/p>\n<p>\ud83e\uded2 PAIRING ALIMENTAIRE<\/p>\n<p>Elle s&#8217;adapte parfaitement \u00e0 toutes les applications crues : dans les toasts, les marinades, les salades ou en combinaison avec les poissons et les fruits de mer. C&#8217;est un l&#8217;huile d&#8217;olive extra vierge id\u00e9al pour initier les enfants \u00e0 la consommation d&#8217;huile d&#8217;olive ainsi que pour les personnes qui n&#8217;ont pas l&#8217;habitude de consommer de l&#8217;huile d&#8217;olive. <\/p>\n<p>En raison de son caract\u00e8re doux et sucr\u00e9, elle est plus largement utilis\u00e9e en cuisine que d&#8217;autres huiles d&#8217;olive plus rondes. Id\u00e9al pour l&#8217;\u00e9laboration de sauces et en confiserie, gr\u00e2ce \u00e0 sa saveur douce et d\u00e9licate.<\/p>\n<p><img fetchpriority=\"high\" decoding=\"async\" class=\"wp-image-7504 aligncenter\" title=\"Huile d'Olive La Muralla primeur Carafe 2L ARBEQUINA 3\" src=\"https:\/\/adeoliva.com\/wp-content\/uploads\/2020\/04\/Aceite-para-ensaladas.jpg\" alt=\"Huile de salade\" width=\"335\" height=\"224\"><\/p>\n<p style=\"text-align: center;\">Salade de l\u00e9gumes, avocat et \u0153uf dur.<\/p>\n","protected":false},"excerpt":{"rendered":"<ul>\n<li>Commande minimale de 15 unit\u00e9s.<\/li>\n<li>Personnalisable uniquement en option 2x500ml.<\/li>\n<li>R\u00e9colte 2024\/25<\/li>\n<li>Vari\u00e9t\u00e9 : Arbequina<\/li>\n<li>Zone : Ja\u00e9n et C\u00f3rdoba.<\/li>\n<li>D\u00e9lai de pr\u00e9paration et de livraison : 12-15 jours<\/li>\n<\/ul>\n","protected":false},"featured_media":25933,"template":"","meta":{"rank_math_lock_modified_date":false,"pack_references":"","_joinchat":[]},"product_brand":[],"product_cat":[1352],"product_tag":[1355,1427],"class_list":{"0":"post-25919","1":"product","2":"type-product","3":"status-publish","4":"has-post-thumbnail","6":"product_cat-primeur","7":"product_tag-cadeau","8":"product_tag-entreprises","9":"sales-flash-overlay","10":"woocommerce-text-align-center","11":"woocommerce-image-align-center","12":"do-quantity-buttons","14":"first","15":"instock","16":"featured","17":"taxable","18":"shipping-taxable","19":"purchasable","20":"product-type-simple"},"tiered_pricing_type":"fixed","tiered_pricing_fixed_rules":{"30":"24.50","60":"22.95"},"tiered_pricing_product_settings":{"layout":"default","base_unit_name":{"singular":null,"plural":null},"default_variation":null},"tiered_pricing_minimum_quantity":15,"tiered_pricing_roles_data":[],"tiered_pricing_percentage_rules":[],"tiered_pricing_maximum_quantity":null,"tiered_pricing_quantity_step":null,"_links":{"self":[{"href":"https:\/\/adeoliva.com\/fr\/wp-json\/wp\/v2\/product\/25919","targetHints":{"allow":["GET"]}}],"collection":[{"href":"https:\/\/adeoliva.com\/fr\/wp-json\/wp\/v2\/product"}],"about":[{"href":"https:\/\/adeoliva.com\/fr\/wp-json\/wp\/v2\/types\/product"}],"version-history":[{"count":0,"href":"https:\/\/adeoliva.com\/fr\/wp-json\/wp\/v2\/product\/25919\/revisions"}],"wp:featuredmedia":[{"embeddable":true,"href":"https:\/\/adeoliva.com\/fr\/wp-json\/wp\/v2\/media\/25933"}],"wp:attachment":[{"href":"https:\/\/adeoliva.com\/fr\/wp-json\/wp\/v2\/media?parent=25919"}],"wp:term":[{"taxonomy":"product_brand","embeddable":true,"href":"https:\/\/adeoliva.com\/fr\/wp-json\/wp\/v2\/product_brand?post=25919"},{"taxonomy":"product_cat","embeddable":true,"href":"https:\/\/adeoliva.com\/fr\/wp-json\/wp\/v2\/product_cat?post=25919"},{"taxonomy":"product_tag","embeddable":true,"href":"https:\/\/adeoliva.com\/fr\/wp-json\/wp\/v2\/product_tag?post=25919"}],"curies":[{"name":"wp","href":"https:\/\/api.w.org\/{rel}","templated":true}]}}

<p style="text-align: center;"><em>Offrez le Saveur, une aventure pour les sens. </em></p>
<p>Sans aucun doute, un choix judicieux pour captiver le palais avec cette magnifique  <strong>Boîte cadeau originale, avec la plus polyvalente des huiles d&#8217;olive vierges extra, l&#8217;Arbequina.</strong>.</p>
<p>Choisissez l&#8217;une des options suivantes :</p>
<ul>
<li><strong>2 bouteilles de 500ml d&#8217;huile d&#8217;oliva primeur Arbequina. (Personnalisable)</strong></li>
<li><strong>1 bouteille de 500ml et 1 bouteille de 250ml de AOVE Primeur Arbequina<span style="color: #ff0000;">(AUCUNE personnalisation n&#8217;est autorisée</span>).</strong></li>
</ul>
<p>🫒 Dégustation</p>
<p><strong>AOVE Temprano Variété Arbequina</strong>: Variété filtrée par décantation naturelle récoltée dans les champs de Cordoue. Huile d&#8217;olive d&#8217;intensité moyenne à faible, avec un piquant de gorge moyen à faible et une faible amertume. Une huile douce et attrayante pour les palais les plus délicats.  </p>
<p>🫒 PAIRING ALIMENTAIRE</p>
<p>Elle s&#8217;adapte parfaitement à toutes les applications crues : dans les toasts, les marinades, les salades ou en combinaison avec les poissons et les fruits de mer. C&#8217;est un l&#8217;huile d&#8217;olive extra vierge idéal pour initier les enfants à la consommation d&#8217;huile d&#8217;olive ainsi que pour les personnes qui n&#8217;ont pas l&#8217;habitude de consommer de l&#8217;huile d&#8217;olive. </p>
<p>En raison de son caractère doux et sucré, elle est plus largement utilisée en cuisine que d&#8217;autres huiles d&#8217;olive plus rondes. Idéal pour l&#8217;élaboration de sauces et en confiserie, grâce à sa saveur douce et délicate.</p>
<p><img fetchpriority="high" decoding="async" class="wp-image-7504 aligncenter" title="Huile d'Olive La Muralla primeur Carafe 2L ARBEQUINA 3" src="https://adeoliva.com/wp-content/uploads/2020/04/Aceite-para-ensaladas.jpg" alt="Huile de salade" width="335" height="224"></p>
<p style="text-align: center;">Salade de légumes, avocat et œuf dur.</p>

<ul>
<li>Commande minimale de 15 unités.</li>
<li>Personnalisable uniquement en option 2x500ml.</li>
<li>Récolte 2024/25</li>
<li>Variété : Arbequina</li>
<li>Zone : Jaén et Córdoba.</li>
<li>Délai de préparation et de livraison : 12-15 jours</li>
</ul>
